 is the units digit of g(o)?
9
Suppose 3*x - 6052 = 2*h, 4*x - 5141 = 5*h + 2933. Suppose 6*f - x = 2406. What is the tens digit of f?
3
Let c(w) = 2*w. Let d be c(0). Let x be (d - 0/(-1))/(-3). Suppose 4*l - 318 + 2 = x. What is the units digit of l?
9
Suppose 17 = -4*q + 61. Suppose q*a = 6*a + 425. Let s = 146 - a. What is the units digit of s?
1
Suppose 0 = -30*j + 78*j - 86304. What is the tens digit of j?
9
Let y be (-115)/35 - 2*1/(-7). Let v be 3/(y/5) - (35 + -33). What is the tens digit of v/(-42) + (-2998)/(-12)?
5
Let m(t) = 3*t**2 + t**2 - 2*t**2 - 10*t + 15 - 6. Let o be m(4). Let z(n) = 124*n - 2. What is the units digit of z(o)?
2
Let o(h) = 105*h**2 - 64*h - 573. What is the tens digit of o(-8)?
5
Let t(p) = p - 1. Let m(v) = 42*v + 8. Let n(b) = -m(b) + 8*t(b). Let a be n(-8). Suppose -a = 14*q - 18*q. What is the units digit of q?
4
Suppose 0 = 4*c - 2*u - 45854, -4*c - 90*u = -89*u - 45857. What is the units digit of c?
4
Let h = 73002 + -29816. What is the tens digit of h?
8
Suppose -19*b + 17497 = 4235. What is the tens digit of b?
9
Let h = 13234 + 7297. What is the tens digit of h?
3
Let o = -1253 - -13193. What is the units digit of o?
0
Let h(b) = 146*b - 90. Let z be h(9). Let q = z + -871. What is the hundreds digit of q?
3
Let p be (-15 - -2)/((-8)/(-3) - 3). Let k(r) = -494 + p*r + 494. What is the tens digit of k(6)?
3
Suppose -3*n = 2*r - 13443, 0 = 5*n - 2*r - 23011 + 606. What is the tens digit of n?
8
Let w = -50976 + 85691. What is the ten thousands digit of w?
3
Let l = 12754 + -7630. What is the hundreds digit of l?
1
Let t(a) = a**3 + 17*a**2 + 29*a - 11. Let h be t(-15). Suppose -h*o + 2*p = -1502, 3*o + 5*p = 6*p + 1126. What is the tens digit of o?
7
Let y(u) be the third derivative of u**6/30 + u**5/20 - 11*u**4/24 - 5*u**3/3 - 50*u**2 - 1. What is the hundreds digit of y(5)?
5
Suppose 0 = -4*z - 0*z + 56. Let y = -10 + z. Suppose y*c - r - 98 = 0, -2*c - 2*r + 42 = -6*r. What is the units digit of c?
5
Suppose 3*u - 1155 = 207. Let f = u + -211. What is the units digit of f?
3
Suppose 11*x - 6*x = -80. Let y be x/(1*1/(-4)). Suppose -6*a + 80 + y = 0. What is the tens digit of a?
2
Let x(c) = 2*c**3 - c**2 - 3*c + 1. Suppose -i = 3*i - 24. Let p be 3/(-6) + ((-105)/i)/(-5). What is the tens digit of x(p)?
3
Let b(w) be the second derivative of -w**4/6 + 25*w**3/6 + 11*w**2/2 - 48*w. What is the tens digit of b(8)?
8
Suppose f - 20*f + 95 = 0. Suppose 0 = f*n - 2121 - 804. What is the units digit of n?
5
Let g(k) = k**3 - 7*k**2 + 17*k - 164. Let p be (-8 + -7)*4/(-6). What is the units digit of g(p)?
6
Let u(z) = 485*z**3 - 13*z**2 + 35*z + 43. What is the hundreds digit of u(4)?
0
Suppose b + 19 = -r, r + 0*b + 19 = b. Let q = 87 - r. What is the hundreds digit of q?
1
Let w(i) = -5 - 4*i - i - 4*i + 0*i. Let k be w(-1). Suppose -2*n + k*n = 4*c + 42, -5*n + 133 = -3*c. What is the tens digit of n?
2
Suppose -34*j + 4479420 = 98*j. What is the tens digit of j?
3
Let s(j) = 4*j + 7. Let r be s(0). Suppose r*m - 1019 = 710. Let n = -125 + m. What is the tens digit of n?
2
Let c(m) = -m**3 + 11*m**2 + 20*m - 22. Let k be c(13). Let d = 103 + k. Suppose -d*o = -5*l + 203, -3*l - o + 176 = l. What is the units digit of l?
3
Let k = 32763 - -47128. What is the ten thousands digit of k?
7
Suppose 4*a + l - 89590 = 22730, 0 = -5*a - 2*l + 140397. What is the thousands digit of a?
8
Let c be (-99)/44*(9 + -1 - 0). Let s = c + 17. What is the units digit of ((-9)/9)/(s/27)?
7
Let n(j) = -3*j**3 + 10*j**2 + 11*j - 8. Let t(z) = -10*z**3 + 32*z**2 + 33*z - 23. Let q(s) = -7*n(s) + 2*t(s). What is the tens digit of q(9)?
5
Let b = 221 + -203. What is the hundreds digit of b/21*(647 + 11)?
5
Let m = 423 - 323. Suppose m*q = 76*q + 24768. What is the thousands digit of q?
1
Let m(g) = 84*g**2 + 20*g + 45. Let k(j) = 17*j**2 + 4*j + 9. Let x(o) = 11*k(o) - 2*m(o). What is the tens digit of x(-4)?
9
Let i be ((-396)/30)/(-3) - (-4)/(-10). Let c be (7 - 7)/(i/(-6)*-3). Suppose 4*l = u - c*l - 34, -l - 33 = -2*u. What is the units digit of u?
4
Suppose -1 = 5*n - 4*n. Let v be 0/(3 - n/(4 - 5)). Suppose 3*p - 71 - 52 = v. What is the units digit of p?
1
Suppose -8 = -3*c + c. Suppose 0 = l - 0*g - g - 100, 0 = -c*g. What is the tens digit of l?
0
Let n(w) = 45*w + 124. Let f(o) = -89*o - 248. Let v(x) = 3*f(x) + 5*n(x). What is the units digit of v(-16)?
8
Let s(p) = 6*p + 20. Suppose 4*l - 8 = 5*a - 0, a = -4. Let i be s(l). Suppose 2*r - 5*c = 420, i*c + 4 + 4 = 0. What is the tens digit of r?
0
Let p(s) = -s**2 - 3*s + 83. Let t be p(11). Let q = 44 - t. What is the hundreds digit of q?
1
Let g(i) = -1803*i + 4606. What is the ten thousands digit of g(-6)?
1
Suppose 3*w - 2*w - 366 = -3*h, -1119 = -3*w - 2*h. Suppose -2*x + w = -5*s, -5*x = -3*s + 2*s - 949. What is the hundreds digit of x?
1
Let c(s) = 640*s + 623*s**2 - 640*s. What is the hundreds digit of c(-1)?
6
Suppose -20 - 196 = -4*k. What is the tens digit of 715 + 1 - k/18?
1
Let d = 13787 - 10012. What is the tens digit of d?
7
Suppose -3*y - o - 3*o = -25, 5*y + o - 36 = 0. Suppose -8*s + y*s = -5. Suppose -508 = -s*w + 597. What is the hundreds digit of w?
2
Suppose 467*y - 417*y - 495150 = 0. What is the units digit of y?
3
What is the tens digit of (21/(-56))/((-3)/4) + 1722585/138?
8
Let t(c) = -c**3 - 25*c**2 + 26*c - 2. Let g be t(-26). Let n be 3 + (0 + 4 - 94) + g. Let i = n + 193. What is the units digit of i?
4
Let f = 35 - 31. Suppose 8*r - f*r - 8 = 0. Suppose -3*y - r*u = -63, u - 104 = -5*y - 2*u. What is the tens digit of y?
1
Let x be -13 + 17 - (0 - (1 - 1)). What is the hundreds digit of 630/x*(-20)/(-25)?
1
What is the hundreds digit of (-4)/((-16)/26658) + (42/(-12) - -4)?
6
Suppose -53 - 649 = 6*u. Let l = 14 + 70. Let m = l - u. What is the tens digit of m?
0
Suppose -5 = -3*r - 2. What is the tens digit of 1/(r/5 - (-592)/(-3160))?
7
Let h(f) = -5*f + 31. Let o(u) = 3*u - 2. Let t be o(-4). Let w = 3 + t. What is the units digit of h(w)?
6
What is the ten thousands digit of (-1420232)/(-80) + 9/(6 + 84)?
1
Suppose 7*j = -5*f + 5*j + 167, -4*f + 2*j = -148. Suppose 40*k - f*k = 5130. What is the units digit of k?
6
Let o(f) = -593*f - 3266. What is the hundreds digit of o(-34)?
8
Let r = 17 - 29. What is the units digit of ((-52)/(-156))/((-2)/r - 0)?
2
Let f = 172081 - 95568. What is the hundreds digit of f?
5
What is the hundreds digit of ((-160)/250*-10)/(4 + (-33477)/8370)?
8
Let o(u) be the second derivative of 2*u**4/3 - 25*u**3/2 - 27*u**2/2 - 73*u. What is the hundreds digit of o(-6)?
7
Let f = 460 - 203. Suppose -6*t - f = -941. What is the units digit of t?
4
Let f(j) = j**3 + 42*j**2 - 18*j - 173. What is the tens digit of f(-38)?
8
Let s be ((-6)/(-4))/(3/(-6)) + -7. Let y = s - -13. Suppose y*v = 11*v - 664. What is the units digit of v?
3
Suppose 9*d - 432 = 27*d. What is the tens digit of -4 + (-2550)/d - (-9)/12?
0
Let f(b) = 11*b**3 - 63*b**2 - 17*b - 7. What is the hundreds digit of f(17)?
5
What is the tens digit of ((-19047)/(-5) + -31)/((-2)/(-5))?
4
Let h be 25/(-9) + (-60)/270. What is the units digit of ((-7240)/(-6))/4 - (-2)/h?
1
Suppose 3*h + 4 - 11 = s, h = -5*s + 29. Suppose -s*n = 12 - 27. Suppose -2*j - 4*w + 484 = 2*j, -4*j + 498 = -n*w. What is the hundreds digit of j?
1
Let a(k) = -2*k**2 + 12*k - 13. Let x(z) = -z**2 - 1. Let g(w) = -a(w) + 3*x(w). Let c be g(-15). What is the tens digit of (50/c)/((-1)/7 + 0)?
1
Suppose 238*q + 4 = 239*q, -17*q + 75998 = 5*j. What is the tens digit of j?
8
Let n = 14 + -11. Let i be 24*(16/(8/2) - n). Suppose 0 = i*r - 22*r - 82. What is the tens digit of r?
4
Suppose -8*b + 29520 = c, 3*b = 18*c - 22*c + 117906. What is the hundreds digit of c?
4
Suppose -8715 = -5*g + 7600. What is the hundreds digit of g?
2
Let k be -1*42*(-2)/(-6). Let p(r) = -3*r**3 - 37*r**2 - 17*r - 5. What is the hundreds digit of p(k)?
2
Let y be 39/9*(307 - -2). Suppose -y = -7*v + 61. Suppose 4*o - 4 - v = -3*d, -o - 3*d + 60 = 0. What is the tens digit of o?
4
Suppose -z = -53 + 56, y - 16096 = -5*z. What is the tens digit of y?
1
Let z(l) = -4*l**3. Let o be z(-1). Suppose -16 = 4*b - 2*b + o*c, 0 = -3*b - 4*c - 14. Suppose 0 = b*p + 36 - 104. What is the units digit of p?
4
Le